e
Is 3990241 a composite number?
False
Is 983113 a composite number?
False
Is 404051 a composite number?
False
Is 1417439 composite?
False
Is 1614149 a composite number?
False
Is 56939437 composite?
True
Is 4145483 prime?
False
Is 455329613 composite?
True
Is 371491301 composite?
True
Is 1831589 prime?
True
Is 211846969 a composite number?
False
Is 8694281 a prime number?
True
Is 255665797 composite?
False
Is 9447557 a composite number?
True
Is 9782389 prime?
True
Is 201653 a prime number?
True
Is 19456663 a prime number?
True
Is 3175701 prime?
False
Is 101355077 composite?
True
Is 4104163 prime?
False
Is 64045363 a prime number?
False
Is 53023433 prime?
False
Is 359739998 a prime number?
False
Is 2848847 a prime number?
True
Is 7860289 prime?
True
Is 560537 prime?
False
Is 10233037 prime?
False
Is 2371003 a prime number?
True
Is 5752301 a composite number?
False
Is 99981383 composite?
True
Is 748747 a composite number?
True
Is 1421699 a prime number?
False
Is 1896781 a composite number?
False
Is 196779257 a composite number?
True
Is 18875719 a prime number?
False
Is 138332855 a composite number?
True
Is 1245917 a composite number?
False
Is 2492657 a composite number?
False
Is 68474207 a prime number?
True
Is 16374947 composite?
False
Is 1142051 a prime number?
False
Is 4853906 prime?
False
Is 543215 prime?
False
Is 537718007 a composite number?
True
Is 3589847 prime?
True
Is 34903391 a composite number?
False
Is 73120093 composite?
True
Is 52174091 a composite number?
False
Is 831358427 a prime number?
True
Is 320092781 a composite number?
True
Is 437119 prime?
False
Is 363149 a composite number?
False
Is 38213869 a prime number?
True
Is 4240829 prime?
False
Is 12239621 a composite number?
True
Is 64394647 a prime number?
True
Is 656137981 composite?
False
Is 1152493 prime?
True
Is 3560597 prime?
True
Is 15942281 a prime number?
True
Is 35575427 a prime number?
False
Is 159256433 composite?
True
Is 61191223 prime?
True
Is 93690481 prime?
False
Is 132738167 a composite number?
False
Is 6637273 a composite number?
False
Is 226411 a prime number?
False
Is 1063757 composite?
False
Is 1015978235 a composite number?
True
Is 322254659 composite?
False
Is 189996393 prime?
False
Is 2259773 a prime number?
False
Is 221929819 a composite number?
False
Is 17712659 a composite number?
False
Is 27673501 prime?
False
Is 16426031 prime?
True
Is 200117 composite?
False
Is 8756381 a prime number?
True
Is 17807659 a composite number?
False
Is 13114967 prime?
False
Is 87928045 a composite number?
True
Is 694867 prime?
True
Is 27285941 a prime number?
True
Is 34434431 a composite number?
True
Is 639447115 a prime number?
False
Is 31191159 a composite number?
True
Is 4963663 composite?
False
Is 1273137347 a composite number?
False
Is 458847001 a composite number?
False
Is 1375504993 a composite number?
True
Is 1949891 a prime number?
False
Is 1813157 a prime number?
True
Is 140108426 a composite number?
True
Is 7029013 a composite number?
False
Is 1654291 composite?
False
Is 7534921 prime?
True
Is 356400077 a composite number?
True
Is 10841093 a composite number?
False
Is 2692469 composite?
True
Is 161645093 prime?
False
Is 28372753 a composite number?
True
Is 15227159 prime?
False
Is 6285427 composite?
True
Is 1359921271 a composite number?
False
Is 1213973 prime?
False
Is 1396117 composite?
True
Is 471202 a composite number?
True
Is 1225545643 a composite number?
True
Is 12748919 composite?
False
Is 94766131 a prime number?
True
Is 91767803 composite?
True
Is 143935037 composite?
False
Is 333649 a composite number?
True
Is 9281477 a composite number?
False
Is 61189 prime?
False
Is 8116313 composite?
True
Is 4016959 a composite number?
False
Is 39433919 composite?
True
Is 31976423 composite?
False
Is 117941959 a prime number?
False
Is 44841499 a prime number?
False
Is 2430036095 prime?
False
Is 14319167 a composite number?
False
Is 625915679 a composite number?
False
Is 3958454 prime?
False
Is 481947409 a prime number?
True
Is 128576411 a composite number?
False
Is 5366513 prime?
True
Is 6999793 prime?
False
Is 946263 composite?
True
Is 656891 composite?
False
Is 13281949 a composite number?
True
Is 11654941 a prime number?
True
Is 6937433 a composite number?
False
Is 6903739 prime?
True
Is 4089958 a prime number?
False
Is 28399127 prime?
False
Is 55523047 composite?
False
Is 25551139 prime?
True
Is 6712879 prime?
True
Is 7495097 a prime number?
True
Is 15169589 a composite number?
True
Is 1383169 a prime number?
True
Is 1396729 prime?
False
Is 357231839 prime?
True
Is 8336506 a composite number?
True
Is 12384301 prime?
False
Is 2530753 a prime number?
False
Is 155934073 prime?
False
Is 5122873 composite?
True
Is 349422685 a composite number?
True
Is 1997465 composite?
True
Is 177721139 a prime number?
True
Is 14501843 prime?
False
Is 15079039 composite?
False
Is 361489033 prime?
True
Is 38923897 a prime number?
False
Is 80309 prime?
True
Is 328061 prime?
True
Is 1417131871 a prime number?
True
Is 5215582 prime?
False
Is 54491959 a composite number?
True
Is 4828523 prime?
False
Is 12902993 a prime number?
True
Is 2837236483 a prime number?
True
Is 122281457 a prime number?
True
Is 2650663 composite?
False
Is 4684039 a composite number?
False
Is 146271241 composite?
False
Is 62593 a prime number?
False
Is 3607301 a composite number?
False
Is 10548227 prime?
True
Is 6715769 prime?
True
Is 103152599 composite?
True
Is 25476229 a prime number?
True
Is 34013569 a composite number?
True
Is 906623 prime?
False
Is 371105857 composite?
True
Is 6531457 composite?
False
Is 71832827 prime?
False
Is 353293 prime?
True
Is 32872942 composite?
True
Is 14792747 prime?
True
Is 2030711 composite?
False
Is 69006883 a prime number?
False
Is 2404021 prime?
False
Is 4022311 a prime number?
False
Is 53577631 composite?
False
Is 56983 a prime number?
True
Is 6424087 composite?
False
Is 5760949 a composite number?
False
Is 5667377 a composite number?
True
Is 29634467 a prime number?
True
Is 2086571 prime?
True
Is 21248987 a prime number?
False
Is 809029 a composite number?
True
Is 11725171 a prime number?
False
Is 7259267 a prime number?
True
Is 8553101 a prime number?
True
Is 183089 prime?
True
Is 64613551 prime?
True
Is 5023981 prime?
False
Is 10552639 prime?
False
Is 18820481 prime?
True
Is 65035 a composite number?
True
Is 30967 a prime number?
False
Is 36321865 composite?
True
Is 110775449 composite?
True
Is 39570127 composite?
False
Is 11200723 prime?
False
Is 186131578 a prime number?
False
Is 358637 a prime number?
True
Is 67273183 a prime number?
False
Is 8460671 a prime number?
True
Is 8938177 prime?
False
Is 300533 a composite number?
True
Is 370521967 a composite number?
False
Is 867365 composite?
True
Is 786307 prime?
True
Is 3481763 composite?
True
Is 28166887 composite?
True
Is 146022991 a prime number?
False
Is 708437 composite?
False
Is 3174361 a prime number?
True
Is 5203771 composite?
False
Is 162257453 a prime number?
True
Is 129405671 a prime number?
True
Is 4423379 composite?
False
Is 34480769 prime?
False
Is 514897931 prime?
True
Is 21427519 composite?
True
Is 3461089 prime?
True
Is 379859 a composite number?
False
Is 3046447 a prime number?
True
Is 4000037 prime?
True
Is 25340957 prime?
True
Is 18990809 a prime number?
True
Is 444791 a composite number?
False
Is 362245405 a prime number?
False
Is 3648701 a prime number?
False
Is 50884359 a composite number?
True
Is 8512327 composite?
True
Is 26244241 composite?
False
Is 783969749 a prime number?
True
Is 18091369 a prime number?
True
Is 501494459 composite?
True
Is 153337213 a prime number?
False
Is 6489389 composite?
False
Is 9013457 a prime number?
False
Is 32243681 composite?
True
Is 12934942 composite?
True
Is 8249783 a composite number?
False
Is 60159361 prime?
False
Is 8595359 prime?
False
Is 27149 composite?
True
Is 14294779 a prime number?
False
Is 12843881 a prime number?
False
Is 31058843 a prime number?
False
Is 6142469 a composite number?
False
Is 146033 prime?
True
Is 71234429 composite?
True
Is 121732657 a prime number?
False
Is 538505746 prime?
False
Is 234497357 a composite number?
True
Is 2048323 a composite number?
True
Is 21118837 a prime number?
False
Is 1728149 prime?
True
Is 437667673 a co